81. Let k be g(-14). Calculate the highest common divisor of 60 and k.
15
Let c(d) = 298*d**3 - 1. Let w be c(1). Let i = -66321 - -66402. Calculate the highest common factor of w and i.
27
Let b = 11443 - 10559. What is the highest common factor of 272 and b?
68
Let k be -14 - 314/(-7) - (-18)/(-21). Calculate the highest common factor of k and 18.
6
Let x = -466 - -467. Let u be -4 - (-9 + (-825)/x). What is the highest common divisor of u and 10?
10
Let s be ((-2)/(-3))/((6/(-1206))/(-1)). Let f = 141 - s. What is the highest common divisor of f and 63?
7
Let y(d) = d**2 + 22*d + 31. Let h = -48 - -236. Suppose -h = 8*f - 20. Let c be y(f). Calculate the highest common factor of c and 30.
10
Suppose -56*r + 2808 = -2*r. What is the greatest common divisor of r and 8?
4
Suppose 74*m - 1141 = 635. What is the highest common factor of m and 104?
8
Let n be (-5)/(-3) + 452/6. Let i = -6604 + 7297. Calculate the greatest common divisor of i and n.
77
Let n = -262 + 265. Suppose 4*p = -4*m + 9*m + 76, 5*p = -n*m + 95. Calculate the highest common factor of p and 95.
19
Suppose -13*s = 12*s - 46608 - 135717. Calculate the greatest common factor of s and 39.
39
Let t be ((-268)/8)/((-10)/(-4) - 3). Let w = -65 + t. What is the greatest common factor of w and 130?
2
Let z be 4/(-14) + (-632)/(-7). Suppose -32*q + 8026 = -2790. Suppose -q*k - 180 = -343*k. What is the highest common factor of k and z?
18
Let h be 4*((-13453)/(-4))/11. Let z = -775 + h. Calculate the highest common divisor of 28 and z.
28
Let z(d) = 8*d**2 + 16*d. Let r(t) = 6*t**2 + 17*t. Let p(f) = 6*r(f) - 5*z(f). Let o be p(2). What is the highest common divisor of 196 and o?
28
Suppose -220 = -6*k + 2*k. Let h(u) = -2*u**3 - 8*u**2 + 8*u + 9. Let g be h(-7). Suppose 4*l = g - k. Calculate the greatest common divisor of 144 and l.
48
Suppose -15 = 6*v - 11*v. Suppose -v = 2*p + 1, 13 = 3*u - 2*p. Suppose d + 2*y - 22 = 0, u*d + y = d + 56. Calculate the highest common divisor of 150 and d.
30
Suppose 17*h - 12*h + 3*j = 89, -2*h = 2*j - 34. What is the greatest common divisor of h and 4997?
19
Suppose f = -f + 32. Let o = -10 + f. Suppose 0 = -0*u - 89*u + 4806. Calculate the greatest common factor of u and o.
6
Let v = -68166 - -68408. Let x(m) = m**3 + 8*m**2 + 3*m - 6. Let w be x(-7). What is the greatest common factor of w and v?
22
Let h(q) = q**3 - q**2 - 358*q - 1034. Let x be h(-3). Suppose 12 = 3*u - 42. Calculate the greatest common divisor of x and u.
2
Suppose 4*v + 41 = 113. Let c be 1*3 - (-2 + 4). Let k be (-79 + 81)/(c/18*2). What is the greatest common divisor of v and k?
18
Suppose -65*j + 61956 = 22956. Calculate the greatest common divisor of 15 and j.
15
Let y be 1*(0 + -21)*-1 - 3. Let j = y - 15. Suppose 0 = s - j*g - 23 - 58, -s = 4*g - 74. Calculate the highest common factor of 52 and s.
26
Let q be (-26)/78 + (-523)/(-3). Let h = 844 - q. What is the highest common factor of 67 and h?
67
Suppose -12 = -i + 9*v + 8, 5*v + 10 = 0. Suppose 78 + 78 = 6*l. What is the greatest common divisor of i and l?
2
Let m(z) = -z**2 + 13*z + 18. Let q be m(7). What is the greatest common factor of 230 and q?
10
Suppose -11*u - 33 = -22*u. Suppose -4*z = c - 4, -3*z = -4*c - u + 19. Calculate the highest common divisor of c and 10.
2
Suppose r - 35 = -40. Let j be (4/r - -2)/((-9)/(-90)). What is the greatest common divisor of j and 42?
6
Let w = -59 + 63. Let x(n) = n**3 - 3*n**2 + 7*n - 8. Let z be x(w). Let b be ((-24)/7)/(215/(-35) - -6). Calculate the greatest common factor of z and b.
12
Let q be 12/8*520/12. Let c = q + -42. Suppose 3*m - 14 = -3*j + 4*m, -j + 4*m = -c. Calculate the highest common divisor of 33 and j.
3
Let d be 0 + 5 + 30/(-6). Suppose -5*w + 3*w = -t + 38, -3*t + 5*w + 110 = d. What is the greatest common divisor of t and 30?
30
Let y = -21 + 22. Let c be (-5)/2*3*24/18. Let j be (-15)/c*(-4)/(-3). What is the highest common divisor of y and j?
1
Suppose 0 = 235*o - 117005 - 39505. What is the greatest common divisor of 1184 and o?
74
Suppose -2*h = -3*k - 2039, -4*k + 2074 = -388*h + 390*h. What is the greatest common divisor of h and 13?
13
Let x be -2 + 9 + -13 + 25. Let m(y) = -24*y - 1. Let a be m(-4). Calculate the greatest common factor of x and a.
19
Let t(o) = 92*o**3 - 19*o**2 + 71*o - 175. Let r be t(5). Calculate the greatest common divisor of r and 54.
27
Let a(r) = 2016*r + 12248. Let t be a(-6). What is the highest common factor of t and 9158?
38
Let a(w) = w**2 - 11*w + 24. Let l be a(8). Suppose -p = r + r - 149, l = -p + 1. What is the greatest common factor of r and 2?
2
Let c = 125 - 125. Let x be (c - (-4)/2) + (-2)/(-1). Suppose 0 = -2*b + 3*h + 222, 2*b - 509 = -3*b - x*h. What is the highest common divisor of 21 and b?
21
Suppose x + 1 = -2*z + 3, 10 = 5*x - 3*z. Let a be (3740/(-88))/((-1)/x). Let s = 4 + 13. What is the greatest common factor of a and s?
17
Suppose 0 = 3*m + 3 - 6. Let c be ((m + 3)*-2)/2. Let t be (-70)/(-15) + c - (-61)/3. What is the highest common divisor of t and 7?
7
Let i be ((-11)/4)/(34/16 + -2). Let w = 26 + i. Calculate the greatest common divisor of w and 2.
2
Let b be 3094/8 - (-12)/48. Suppose 12*x - 9*x = -b. Let o = -63 - x. Calculate the highest common divisor of 44 and o.
22
Let r = 9728 + -9046. What is the highest common factor of 1922 and r?
62
Let i(w) = -7*w + 38. Let d be i(8). Let t be 8/d*((-72)/16 - 0). Calculate the greatest common divisor of 166 and t.
2
Suppose -3*i + 21*r = -1329, 0*i = -4*i + r + 1961. What is the highest common divisor of 2747 and i?
41
Let t be 20/(-25) - 520/(-25). Suppose 21*a = t*a + 59. Let o = -45 + a. Calculate the highest common divisor of 56 and o.
14
Suppose 26 = 2*i + 2*x - x, 3*i + x - 41 = 0. Suppose i = 5*w, 187 = 2*r - 2*w - 47. What is the highest common factor of r and 15?
15
Let w = -22 - -78. Let d = w + -26. Suppose 5*a - 3*b = 3*a + 69, 4*a + 4*b = 108. Calculate the highest common factor of a and d.
30
Let x = -58845 - -108264. Calculate the greatest common factor of x and 171.
171
Suppose 4*z + 4*q = 128, 2*q - 4*q - 8 = -z. Suppose 5*v = -k - 3*k + 11, 5*k + 2 = -v. Calculate the highest common factor of z and v.
3
Suppose 642*j - 635*j = 28. Suppose m + j*v = 21, -4*m + 58 = -v + 4*v. Calculate the greatest common divisor of m and 117.
13
Let f(a) = 3*a**2 - 383*a + 1514. Let q be f(4). Calculate the greatest common divisor of 4110 and q.
30
Let t = 1431 - 1414. Calculate the highest common divisor of 27081 and t.
17
Let x be (186/(-5))/((-3381)/(-230) + -15). Calculate the greatest common divisor of 5642 and x.
62
Let g be (-231334)/(-376) + 3/(-12). Calculate the greatest common factor of g and 405.
15
Let y(s) = -422*s + 1. Let f be y(-1). Let n(z) = -183*z - 2178. Let b be n(-12). Calculate the greatest common factor of b and f.
9
Suppose -4*k - 4*g = -596, 2 = 4*g + 18. Let n = 32506 + -32472. Calculate the highest common factor of n and k.
17
Let x be (-343)/(-5) + 4/10. Let y = -3195 + 3218. Let n = x - y. What is the greatest common factor of n and 368?
46
Let o = -76 + 71. Let f be 229 + (o - -2)/3. Calculate the highest common divisor of 60 and f.
12
Let n(q) = -18*q - 13. Let k be n(-3). Suppose -4*o + 42 = 3*i, 5*o = i + i + k. Calculate the greatest common divisor of 9 and o.
9
Let n(h) = -2*h**3 - 4*h**2 + 5*h - 9. Let s be n(-4). Let a = 81 + s. Let l = a + -42. Calculate the highest common factor of 37 and l.
37
Let t(l) = -30*l + 1680. Let z be t(49). What is the greatest common divisor of 30 and z?
30
Let n(o) = o**2 + 17. Let c be n(11). Suppose -7*x + 10*x = c. What is the highest common factor of x and 115?
23
Let r be 0 + 576 - 3/3. Let v(n) = -11*n**2 + 1488*n - 1851. Let s be v(134). Calculate the highest common divisor of s and r.
25
Let z(c) = -2*c**3 + 11*c**2 + 6*c + 32. Let w be z(-10). Suppose 3*u = 9*u - w. What is the highest common divisor of u and 16?
16
Let n be -8 - -4 - (-10 + -3). Suppose 5*g = 5*b - 90, -3*b + 0*g = 3*g - 72. What is the highest common factor of n and b?
3
Let j = -305 + 368. Let a be j/6*(-16)/(-12). What is the greatest common factor of a and 6?
2
Suppose 2*k + 3*k - 30 = 0. Suppose 2*s = k*s - 504. Suppose -2*u - 5*m = u - 98, 4*u = -2*m + s. Calculate the greatest c